{"id":1262,"date":"2023-08-19T11:02:29","date_gmt":"2023-08-19T09:02:29","guid":{"rendered":"https:\/\/singuli-air.be\/?page_id=1262"},"modified":"2025-04-18T12:26:36","modified_gmt":"2025-04-18T10:26:36","slug":"appel-de-la-foret","status":"publish","type":"page","link":"https:\/\/singuli-air.be\/index.php\/appel-de-la-foret\/","title":{"rendered":"Appel de la for\u00eat"},"content":{"rendered":"\n<p><strong>Associer le yoga et la marche <\/strong>en for\u00eat, c&rsquo;est l&rsquo;alliance du souffle, du mouvement, de l&rsquo;immobilit\u00e9 et de l&rsquo;\u00e9coute. <strong>S&rsquo;arr\u00eater <\/strong>pour s&rsquo;\u00e9tirer et <strong>respirer en conscience<\/strong> donnera ensuite \u00e0 la marche beaucoup plus de pr\u00e9sence au corps et d&rsquo;apaisement au mental.&nbsp;<br>Une immersion sensorielle en for\u00eat ? Se relier \u00e0 la for\u00eat c&rsquo;est accueillir l&rsquo;id\u00e9e qu&rsquo;elle nous nourrit, nous recharge, nous enseigne et t\u00e9moigne de la vibration sacr\u00e9e du vivant!<\/p>\n\n\n\n<figure class=\"wp-block-gallery has-nested-images columns-default is-cropped wp-block-gallery-1 is-layout-flex wp-block-gallery-is-layout-flex\">\n<figure class=\"wp-block-image size-full\"><img loading=\"lazy\" decoding=\"async\" width=\"300\" height=\"300\" data-id=\"2105\" src=\"https:\/\/singuli-air.be\/wp-content\/uploads\/2025\/04\/Tronc-digital-e1682089970450-300x300-1-1.jpg\" alt=\"\" class=\"wp-image-2105\" srcset=\"https:\/\/singuli-air.be\/wp-content\/uploads\/2025\/04\/Tronc-digital-e1682089970450-300x300-1-1.jpg 300w, https:\/\/singuli-air.be\/wp-content\/uploads\/2025\/04\/Tronc-digital-e1682089970450-300x300-1-1-150x150.jpg 150w\" sizes=\"auto, (max-width: 300px) 100vw, 300px\" \/><\/figure>\n\n\n\n<figure class=\"wp-block-image size-large\"><img loading=\"lazy\" decoding=\"async\" width=\"1024\" height=\"683\" data-id=\"2106\" src=\"https:\/\/singuli-air.be\/wp-content\/uploads\/2025\/04\/lauripoldre-1-1024x683.jpg\" alt=\"\" class=\"wp-image-2106\" srcset=\"https:\/\/singuli-air.be\/wp-content\/uploads\/2025\/04\/lauripoldre-1-1024x683.jpg 1024w, https:\/\/singuli-air.be\/wp-content\/uploads\/2025\/04\/lauripoldre-1-300x200.jpg 300w, https:\/\/singuli-air.be\/wp-content\/uploads\/2025\/04\/lauripoldre-1-768x512.jpg 768w, https:\/\/singuli-air.be\/wp-content\/uploads\/2025\/04\/lauripoldre-1-1536x1024.jpg 1536w, https:\/\/singuli-air.be\/wp-content\/uploads\/2025\/04\/lauripoldre-1-2048x1365.jpg 2048w, https:\/\/singuli-air.be\/wp-content\/uploads\/2025\/04\/lauripoldre-1-330x220.jpg 330w\" sizes=\"auto, (max-width: 1024px) 100vw, 1024px\" \/><\/figure>\n\n\n\n<figure class=\"wp-block-image size-full\"><img loading=\"lazy\" decoding=\"async\" width=\"600\" height=\"800\" data-id=\"2107\" src=\"https:\/\/singuli-air.be\/wp-content\/uploads\/2025\/04\/freneetroeungt-1.jpeg\" alt=\"\" class=\"wp-image-2107\" srcset=\"https:\/\/singuli-air.be\/wp-content\/uploads\/2025\/04\/freneetroeungt-1.jpeg 600w, https:\/\/singuli-air.be\/wp-content\/uploads\/2025\/04\/freneetroeungt-1-225x300.jpeg 225w\" sizes=\"auto, (max-width: 600px) 100vw, 600px\" \/><\/figure>\n<\/figure>\n\n\n\n<p>Je guide, chaque semaine, une marche en conscience, avec des temps d&rsquo;arr\u00eat et en silence, pour retrouver d\u00e9tente, apaisement et harmonie.<br>J&rsquo;accompagne ce v\u00e9ritable bain de nature sensoriel en proposant des petits exercices de connexion au monde sensible (le n\u00f4tre, celui des autres, la nature, des arbres et au-del\u00e0)!<br>En plus de profiter des nombreux bienfaits de l&rsquo;immersion en for\u00eat (au niveau de la sant\u00e9 notamment), j&rsquo;offre une occasion de d\u00e9couvrir un peu plus chaque semaine les outils qui m&rsquo;inspirent : exercices de nature miroir, de connexion avec le vivant, les postures de yoga debout, les exercices respiratoires en nature. C&rsquo;est le moment d&rsquo;ouvrir nos esprits aux enseignements que le monde du vivant nous offre.<br><\/p>\n\n\n\n<p>O\u00f9 ? en For\u00eat de Stambruges<\/p>\n\n\n\n<p>Dur\u00e9e&nbsp;? 1 heure, tous les mardis, soit matin\u00e9e soit apr\u00e8s-midi en fonction de la m\u00e9t\u00e9o<\/p>\n\n\n\n<p>Public? Tout le monde <\/p>\n\n\n\n<p><\/p>\n\n\n\n<p>Marcher, c&rsquo;est \u00e0 chaque fois une remise \u00e0 jour, un ressourcement, un ancrage, un ralentissement du temps. Apr\u00e8s quelques kilom\u00e8tres, les \u00e9ventuelles tensions physiques et psychiques comme par magie disparaissent.&nbsp;<br>Avec l&rsquo;\u00e9nergie du moment, avec des pauses pour porter son attention sur un sens et puis l&rsquo;autre : observer le paysage, sentir l&rsquo;odeur du sous-bois, \u00e9couter, tout ce qui nous entoure, approfondir sa respiration, ressentir son corps se d\u00e9lier et se tonifier.<br><\/p>\n\n\n\n<figure class=\"wp-block-image size-full\"><img loading=\"lazy\" decoding=\"async\" width=\"1152\" height=\"864\" src=\"http:\/\/singuli-air.be\/wp-content\/uploads\/2024\/05\/mousse.jpg\" alt=\"\" class=\"wp-image-1625\" srcset=\"https:\/\/singuli-air.be\/wp-content\/uploads\/2024\/05\/mousse.jpg 1152w, https:\/\/singuli-air.be\/wp-content\/uploads\/2024\/05\/mousse-300x225.jpg 300w, https:\/\/singuli-air.be\/wp-content\/uploads\/2024\/05\/mousse-1024x768.jpg 1024w, https:\/\/singuli-air.be\/wp-content\/uploads\/2024\/05\/mousse-768x576.jpg 768w, https:\/\/singuli-air.be\/wp-content\/uploads\/2024\/05\/mousse-640x480.jpg 640w\" sizes=\"auto, (max-width: 1152px) 100vw, 1152px\" \/><\/figure>\n\n\n\n<p>Pour l&rsquo;Appel de la For\u00eat, pensez \u00e0 vous munir de :<br>&#8211; bonnes chaussures de marche qui ne craignent pas la boue<br>&#8211; v\u00eatements confortables adapt\u00e9s \u00e0 la m\u00e9t\u00e9o<br>&#8211; petit sac \u00e0 dos (facultatif)<br>&#8211; coupe-vent<br>Le rendez-vous a lieu un quart d&rsquo;heure \u00e0 l&rsquo;avance \u00e0 l&rsquo;endroit communiqu\u00e9 par sms.<br><br>Pour que tout le monde soit satisfait, merci d&rsquo;arriver bien \u00e0 l&rsquo;heure et d&rsquo;\u00eatre regroup\u00e9s pour le retour. Pendant la marche, si nous devons \u00e9changer, que cela soit fait en conscience. Tout comme pendant une s\u00e9ance de yoga, le silence est bienvenu.\u00a0 La s\u00e9ance est annul\u00e9e s&rsquo;il pleut.<br><br>Prix?  participation libre et consciente pour la guidance. Inscription obligatoire.<br><br>Inscrivez-vous par sms au 0473 263 982, vous recevrez le lieu de rdv.<\/p>\n\n\n<div class=\"wp-block-image\">\n<figure class=\"aligncenter size-full\"><img loading=\"lazy\" decoding=\"async\" width=\"397\" height=\"401\" src=\"https:\/\/singuli-air.be\/wp-content\/uploads\/2024\/11\/bottines-1.png\" alt=\"\" class=\"wp-image-1912\" srcset=\"https:\/\/singuli-air.be\/wp-content\/uploads\/2024\/11\/bottines-1.png 397w, https:\/\/singuli-air.be\/wp-content\/uploads\/2024\/11\/bottines-1-297x300.png 297w\" sizes=\"auto, (max-width: 397px) 100vw, 397px\" \/><\/figure><\/div>\n\n\n<p>un second groupe \u00ab\u00a0samedi\u00a0\u00bb se cr\u00e9e, contactez moi!<\/p>\n","protected":false},"excerpt":{"rendered":"<p>Associer le yoga et la marche en for\u00eat, c&rsquo;est l&rsquo;alliance du souffle, du mouvement, de l&rsquo;immobilit\u00e9 et de l&rsquo;\u00e9coute. S&rsquo;arr\u00eater pour s&rsquo;\u00e9tirer et respirer en conscience donnera ensuite \u00e0 la marche beaucoup plus de pr\u00e9sence au corps et d&rsquo;apaisement au mental.&nbsp;Une immersion sensorielle en for\u00eat ? Se relier \u00e0 la for\u00eat c&rsquo;est accueillir l&rsquo;id\u00e9e qu&rsquo;elle [&hellip;]<\/p>\n","protected":false},"author":2,"featured_media":0,"parent":0,"menu_order":0,"comment_status":"closed","ping_status":"closed","template":"","meta":{"footnotes":""},"class_list":["post-1262","page","type-page","status-publish","hentry"],"_links":{"self":[{"href":"https:\/\/singuli-air.be\/index.php\/wp-json\/wp\/v2\/pages\/1262","targetHints":{"allow":["GET"]}}],"collection":[{"href":"https:\/\/singuli-air.be\/index.php\/wp-json\/wp\/v2\/pages"}],"about":[{"href":"https:\/\/singuli-air.be\/index.php\/wp-json\/wp\/v2\/types\/page"}],"author":[{"embeddable":true,"href":"https:\/\/singuli-air.be\/index.php\/wp-json\/wp\/v2\/users\/2"}],"replies":[{"embeddable":true,"href":"https:\/\/singuli-air.be\/index.php\/wp-json\/wp\/v2\/comments?post=1262"}],"version-history":[{"count":11,"href":"https:\/\/singuli-air.be\/index.php\/wp-json\/wp\/v2\/pages\/1262\/revisions"}],"predecessor-version":[{"id":2109,"href":"https:\/\/singuli-air.be\/index.php\/wp-json\/wp\/v2\/pages\/1262\/revisions\/2109"}],"wp:attachment":[{"href":"https:\/\/singuli-air.be\/index.php\/wp-json\/wp\/v2\/media?parent=1262"}],"curies":[{"name":"wp","href":"https:\/\/api.w.org\/{rel}","templated":true}]}}

Appel de la forêt

<p><strong>Associer le yoga et la marche </strong>en forêt, c&rsquo;est l&rsquo;alliance du souffle, du mouvement, de l&rsquo;immobilité et de l&rsquo;écoute. <strong>S&rsquo;arrêter </strong>pour s&rsquo;étirer et <strong>respirer en conscience</strong> donnera ensuite à la marche beaucoup plus de présence au corps et d&rsquo;apaisement au mental.&nbsp;<br>Une immersion sensorielle en forêt ? Se relier à la forêt c&rsquo;est accueillir l&rsquo;idée qu&rsquo;elle nous nourrit, nous recharge, nous enseigne et témoigne de la vibration sacrée du vivant!</p>



<figure class="wp-block-gallery has-nested-images columns-default is-cropped wp-block-gallery-1 is-layout-flex wp-block-gallery-is-layout-flex">
<figure class="wp-block-image size-full"><img loading="lazy" decoding="async" width="300" height="300" data-id="2105" src="https://singuli-air.be/wp-content/uploads/2025/04/Tronc-digital-e1682089970450-300x300-1-1.jpg" alt="" class="wp-image-2105" srcset="https://singuli-air.be/wp-content/uploads/2025/04/Tronc-digital-e1682089970450-300x300-1-1.jpg 300w, https://singuli-air.be/wp-content/uploads/2025/04/Tronc-digital-e1682089970450-300x300-1-1-150x150.jpg 150w" sizes="auto, (max-width: 300px) 100vw, 300px" /></figure>



<figure class="wp-block-image size-large"><img loading="lazy" decoding="async" width="1024" height="683" data-id="2106" src="https://singuli-air.be/wp-content/uploads/2025/04/lauripoldre-1-1024x683.jpg" alt="" class="wp-image-2106" srcset="https://singuli-air.be/wp-content/uploads/2025/04/lauripoldre-1-1024x683.jpg 1024w, https://singuli-air.be/wp-content/uploads/2025/04/lauripoldre-1-300x200.jpg 300w, https://singuli-air.be/wp-content/uploads/2025/04/lauripoldre-1-768x512.jpg 768w, https://singuli-air.be/wp-content/uploads/2025/04/lauripoldre-1-1536x1024.jpg 1536w, https://singuli-air.be/wp-content/uploads/2025/04/lauripoldre-1-2048x1365.jpg 2048w, https://singuli-air.be/wp-content/uploads/2025/04/lauripoldre-1-330x220.jpg 330w" sizes="auto, (max-width: 1024px) 100vw, 1024px" /></figure>



<figure class="wp-block-image size-full"><img loading="lazy" decoding="async" width="600" height="800" data-id="2107" src="https://singuli-air.be/wp-content/uploads/2025/04/freneetroeungt-1.jpeg" alt="" class="wp-image-2107" srcset="https://singuli-air.be/wp-content/uploads/2025/04/freneetroeungt-1.jpeg 600w, https://singuli-air.be/wp-content/uploads/2025/04/freneetroeungt-1-225x300.jpeg 225w" sizes="auto, (max-width: 600px) 100vw, 600px" /></figure>
</figure>



<p>Je guide, chaque semaine, une marche en conscience, avec des temps d&rsquo;arrêt et en silence, pour retrouver détente, apaisement et harmonie.<br>J&rsquo;accompagne ce véritable bain de nature sensoriel en proposant des petits exercices de connexion au monde sensible (le nôtre, celui des autres, la nature, des arbres et au-delà)!<br>En plus de profiter des nombreux bienfaits de l&rsquo;immersion en forêt (au niveau de la santé notamment), j&rsquo;offre une occasion de découvrir un peu plus chaque semaine les outils qui m&rsquo;inspirent : exercices de nature miroir, de connexion avec le vivant, les postures de yoga debout, les exercices respiratoires en nature. C&rsquo;est le moment d&rsquo;ouvrir nos esprits aux enseignements que le monde du vivant nous offre.<br></p>



<p>Où ? en Forêt de Stambruges</p>



<p>Durée&nbsp;? 1 heure, tous les mardis, soit matinée soit après-midi en fonction de la météo</p>



<p>Public? Tout le monde </p>



<p></p>



<p>Marcher, c&rsquo;est à chaque fois une remise à jour, un ressourcement, un ancrage, un ralentissement du temps. Après quelques kilomètres, les éventuelles tensions physiques et psychiques comme par magie disparaissent.&nbsp;<br>Avec l&rsquo;énergie du moment, avec des pauses pour porter son attention sur un sens et puis l&rsquo;autre : observer le paysage, sentir l&rsquo;odeur du sous-bois, écouter, tout ce qui nous entoure, approfondir sa respiration, ressentir son corps se délier et se tonifier.<br></p>



<figure class="wp-block-image size-full"><img loading="lazy" decoding="async" width="1152" height="864" src="http://singuli-air.be/wp-content/uploads/2024/05/mousse.jpg" alt="" class="wp-image-1625" srcset="https://singuli-air.be/wp-content/uploads/2024/05/mousse.jpg 1152w, https://singuli-air.be/wp-content/uploads/2024/05/mousse-300x225.jpg 300w, https://singuli-air.be/wp-content/uploads/2024/05/mousse-1024x768.jpg 1024w, https://singuli-air.be/wp-content/uploads/2024/05/mousse-768x576.jpg 768w, https://singuli-air.be/wp-content/uploads/2024/05/mousse-640x480.jpg 640w" sizes="auto, (max-width: 1152px) 100vw, 1152px" /></figure>



<p>Pour l&rsquo;Appel de la Forêt, pensez à vous munir de :<br>&#8211; bonnes chaussures de marche qui ne craignent pas la boue<br>&#8211; vêtements confortables adaptés à la météo<br>&#8211; petit sac à dos (facultatif)<br>&#8211; coupe-vent<br>Le rendez-vous a lieu un quart d&rsquo;heure à l&rsquo;avance à l&rsquo;endroit communiqué par sms.<br><br>Pour que tout le monde soit satisfait, merci d&rsquo;arriver bien à l&rsquo;heure et d&rsquo;être regroupés pour le retour. Pendant la marche, si nous devons échanger, que cela soit fait en conscience. Tout comme pendant une séance de yoga, le silence est bienvenu.  La séance est annulée s&rsquo;il pleut.<br><br>Prix?  participation libre et consciente pour la guidance. Inscription obligatoire.<br><br>Inscrivez-vous par sms au 0473 263 982, vous recevrez le lieu de rdv.</p>


<div class="wp-block-image">
<figure class="aligncenter size-full"><img loading="lazy" decoding="async" width="397" height="401" src="https://singuli-air.be/wp-content/uploads/2024/11/bottines-1.png" alt="" class="wp-image-1912" srcset="https://singuli-air.be/wp-content/uploads/2024/11/bottines-1.png 397w, https://singuli-air.be/wp-content/uploads/2024/11/bottines-1-297x300.png 297w" sizes="auto, (max-width: 397px) 100vw, 397px" /></figure></div>


<p>un second groupe « samedi » se crée, contactez moi!</p>

<p>Associer le yoga et la marche en forêt, c&rsquo;est l&rsquo;alliance du souffle, du mouvement, de l&rsquo;immobilité et de l&rsquo;écoute. S&rsquo;arrêter pour s&rsquo;étirer et respirer en conscience donnera ensuite à la marche beaucoup plus de présence au corps et d&rsquo;apaisement au mental.&nbsp;Une immersion sensorielle en forêt ? Se relier à la forêt c&rsquo;est accueillir l&rsquo;idée qu&rsquo;elle [&hellip;]</p>
