{"id":1258,"date":"2023-08-19T10:46:29","date_gmt":"2023-08-19T08:46:29","guid":{"rendered":"https:\/\/singuli-air.be\/?page_id=1258"},"modified":"2025-10-02T11:46:02","modified_gmt":"2025-10-02T09:46:02","slug":"cours-de-yoga-tourpes-sports","status":"publish","type":"page","link":"https:\/\/singuli-air.be\/index.php\/cours-de-yoga-tourpes-sports\/","title":{"rendered":"Y O G A     chez  Tourpes Sports"},"content":{"rendered":"\n<p class=\"has-text-align-center has-luminous-vivid-orange-color has-text-color has-link-color has-medium-font-size wp-elements-4d54c3806bf6313acfb352d466765131\"><strong>Lundi 16h50-18h00<\/strong><\/p>\n\n\n\n<figure class=\"wp-block-image size-full\"><img loading=\"lazy\" decoding=\"async\" width=\"782\" height=\"655\" src=\"http:\/\/singuli-air.be\/wp-content\/uploads\/2025\/07\/pub-fb-ts-pins-rentree-2025.jpg\" alt=\"\" class=\"wp-image-2262\" srcset=\"https:\/\/singuli-air.be\/wp-content\/uploads\/2025\/07\/pub-fb-ts-pins-rentree-2025.jpg 782w, https:\/\/singuli-air.be\/wp-content\/uploads\/2025\/07\/pub-fb-ts-pins-rentree-2025-300x251.jpg 300w, https:\/\/singuli-air.be\/wp-content\/uploads\/2025\/07\/pub-fb-ts-pins-rentree-2025-768x643.jpg 768w\" sizes=\"auto, (max-width: 782px) 100vw, 782px\" \/><\/figure>\n\n\n\n<div class=\"wp-block-columns is-layout-flex wp-container-core-columns-is-layout-9d6595d7 wp-block-columns-is-layout-flex\">\n<div class=\"wp-block-column is-layout-flow wp-block-column-is-layout-flow\">\n<p class=\"has-text-align-center\"><\/p>\n\n\n\n<p><strong>Contact<\/strong><\/p>\n\n\n\n<p>Fabienne Wyseur<\/p>\n\n\n\n<ul class=\"wp-block-list\">\n<li>par mail fabienne.wyseur@laposte.net <\/li>\n<\/ul>\n\n\n\n<ul class=\"wp-block-list\">\n<li>par t\u00e9l ou sms +32 473 263 982<\/li>\n<\/ul>\n\n\n\n<hr class=\"wp-block-separator has-alpha-channel-opacity\"\/>\n\n\n\n<p><strong>Adresse<\/strong><\/p>\n\n\n\n<p><em>salle de gymnastique de l&rsquo;\u00e9cole communale, <\/em><\/p>\n\n\n\n<p><em>place de Tourpes<\/em><\/p>\n<\/div>\n<\/div>\n\n\n\n<hr class=\"wp-block-separator has-alpha-channel-opacity\"\/>\n\n\n\n<p><strong>Tarif<\/strong><\/p>\n\n\n\n<ul class=\"wp-block-list\">\n<li>9 euros la s\u00e9ance<\/li>\n\n\n\n<li>80 euros l\u2019abonnement de 10 s\u00e9ances<\/li>\n<\/ul>\n\n\n\n<p>Le paiement se fait en liquide ou par virement sur le compte de Tourpes Sports BE72 3750 7326 7516.<\/p>\n\n\n\n<p>Si votre mutuelle pr\u00e9voit une participation \u00e0 une activit\u00e9 sportive, vous pourrez apporter le formulaire pr\u00e9rempli avec vos coordonn\u00e9es. Je le signerai et y apposerai mon cachet.<\/p>\n\n\n\n<p><strong>Mat\u00e9riel<\/strong>   <\/p>\n\n\n\n<p>Des tapis de judo sont disponibles. Si vous le souhaitez, vous pouvez amener votre tapis, \u00e9galement un coussin, un plaid, une ou deux briques de yoga et une sangle. <br><\/p>\n","protected":false},"excerpt":{"rendered":"<p>Lundi 16h50-18h00 Contact Fabienne Wyseur Adresse salle de gymnastique de l&rsquo;\u00e9cole communale, place de Tourpes Tarif Le paiement se fait en liquide ou par virement sur le compte de Tourpes Sports BE72 3750 7326 7516. Si votre mutuelle pr\u00e9voit une participation \u00e0 une activit\u00e9 sportive, vous pourrez apporter le formulaire pr\u00e9rempli avec vos coordonn\u00e9es. Je [&hellip;]<\/p>\n","protected":false},"author":2,"featured_media":0,"parent":0,"menu_order":0,"comment_status":"closed","ping_status":"closed","template":"","meta":{"footnotes":""},"class_list":["post-1258","page","type-page","status-publish","hentry"],"_links":{"self":[{"href":"https:\/\/singuli-air.be\/index.php\/wp-json\/wp\/v2\/pages\/1258","targetHints":{"allow":["GET"]}}],"collection":[{"href":"https:\/\/singuli-air.be\/index.php\/wp-json\/wp\/v2\/pages"}],"about":[{"href":"https:\/\/singuli-air.be\/index.php\/wp-json\/wp\/v2\/types\/page"}],"author":[{"embeddable":true,"href":"https:\/\/singuli-air.be\/index.php\/wp-json\/wp\/v2\/users\/2"}],"replies":[{"embeddable":true,"href":"https:\/\/singuli-air.be\/index.php\/wp-json\/wp\/v2\/comments?post=1258"}],"version-history":[{"count":21,"href":"https:\/\/singuli-air.be\/index.php\/wp-json\/wp\/v2\/pages\/1258\/revisions"}],"predecessor-version":[{"id":2412,"href":"https:\/\/singuli-air.be\/index.php\/wp-json\/wp\/v2\/pages\/1258\/revisions\/2412"}],"wp:attachment":[{"href":"https:\/\/singuli-air.be\/index.php\/wp-json\/wp\/v2\/media?parent=1258"}],"curies":[{"name":"wp","href":"https:\/\/api.w.org\/{rel}","templated":true}]}}