{"id":1151,"date":"2023-08-18T09:22:20","date_gmt":"2023-08-18T07:22:20","guid":{"rendered":"https:\/\/singuli-air.be\/?page_id=1151"},"modified":"2026-04-16T10:13:16","modified_gmt":"2026-04-16T08:13:16","slug":"singuli-air","status":"publish","type":"page","link":"https:\/\/singuli-air.be\/","title":{"rendered":"Accueil"},"content":{"rendered":"\n<figure class=\"wp-block-image size-large\"><img loading=\"lazy\" decoding=\"async\" width=\"782\" height=\"655\" src=\"https:\/\/singuli-air.be\/wp-content\/uploads\/2026\/04\/pub-fbprintemps-2026.png\" alt=\"\" class=\"wp-image-2656\" srcset=\"https:\/\/singuli-air.be\/wp-content\/uploads\/2026\/04\/pub-fbprintemps-2026.png 782w, https:\/\/singuli-air.be\/wp-content\/uploads\/2026\/04\/pub-fbprintemps-2026-300x251.png 300w, https:\/\/singuli-air.be\/wp-content\/uploads\/2026\/04\/pub-fbprintemps-2026-768x643.png 768w, https:\/\/singuli-air.be\/wp-content\/uploads\/2026\/04\/pub-fbprintemps-2026-24x20.png 24w, https:\/\/singuli-air.be\/wp-content\/uploads\/2026\/04\/pub-fbprintemps-2026-36x30.png 36w, https:\/\/singuli-air.be\/wp-content\/uploads\/2026\/04\/pub-fbprintemps-2026-48x40.png 48w\" sizes=\"auto, (max-width: 782px) 100vw, 782px\" \/><\/figure>\n\n\n\n<p class=\"has-text-align-center has-text-color has-link-color has-medium-font-size wp-elements-e7c43d316e25ba1457b53024cd0b0577\" style=\"color:#27c59b\"><strong>Cours de yoga en pr\u00e9sentiel<\/strong><\/p>\n\n\n\n<p class=\"has-text-align-center\">cours de yoga dans la r\u00e9gion de Leuze-en-Hainaut, Ath, Bel\u0153il, Chi\u00e8vres, Frasnes<\/p>\n\n\n\n<p class=\"has-text-align-center\">Accessibles aux adultes<\/p>\n\n\n\n<p class=\"has-text-align-center\">Il n&rsquo;est pas n\u00e9cessaire d&rsquo;avoir d\u00e9j\u00e0 pratiqu\u00e9 le yoga<\/p>\n\n\n\n<p class=\"has-text-color has-link-color wp-elements-9b0a3ec0f166a989f7e0a6d18184d9cf\" style=\"color:#29bd9d\"><strong>Et si nous installions une s\u00e9ance hebdomadaire ?<\/strong><\/p>\n\n\n\n<p>Un moment de douce reconnexion avec soi-m\u00eame en respectant notre rythme.<br>Un moment de d\u00e9tente et de s\u00e9r\u00e9nit\u00e9.<br>Pour un corps en forme, un esprit en paix et un souffle pleinement conscient.<br><\/p>\n\n\n\n<div class=\"wp-block-media-text has-media-on-the-right is-stacked-on-mobile\" style=\"grid-template-columns:auto 46%\"><div class=\"wp-block-media-text__content\">\n<p>Je suis Fabienne, je guide chaque pratique pour cheminer int\u00e9rieurement vers un retour progressif \u00e0 sa v\u00e9ritable Nature. Dans mes cours, nous nous reconnectons au bien-\u00eatre gr\u00e2ce \u00e0 des postures simples et puissantes combin\u00e9es \u00e0 un travail respiratoire.<\/p>\n<\/div><figure class=\"wp-block-media-text__media\"><img loading=\"lazy\" decoding=\"async\" width=\"1024\" height=\"685\" src=\"http:\/\/singuli-air.be\/wp-content\/uploads\/2026\/04\/2026-avril--1024x685.jpg\" alt=\"\" class=\"wp-image-2657 size-full\" srcset=\"https:\/\/singuli-air.be\/wp-content\/uploads\/2026\/04\/2026-avril--1024x685.jpg 1024w, https:\/\/singuli-air.be\/wp-content\/uploads\/2026\/04\/2026-avril--300x201.jpg 300w, https:\/\/singuli-air.be\/wp-content\/uploads\/2026\/04\/2026-avril--768x514.jpg 768w, https:\/\/singuli-air.be\/wp-content\/uploads\/2026\/04\/2026-avril--330x220.jpg 330w, https:\/\/singuli-air.be\/wp-content\/uploads\/2026\/04\/2026-avril--24x16.jpg 24w, https:\/\/singuli-air.be\/wp-content\/uploads\/2026\/04\/2026-avril--36x24.jpg 36w, https:\/\/singuli-air.be\/wp-content\/uploads\/2026\/04\/2026-avril--48x32.jpg 48w, https:\/\/singuli-air.be\/wp-content\/uploads\/2026\/04\/2026-avril-.jpg 1152w\" sizes=\"auto, (max-width: 1024px) 100vw, 1024px\" \/><\/figure><\/div>\n\n\n\n<p class=\"has-text-color has-link-color wp-elements-8094d6153ce7c8276efceeaa3e6080ef\" style=\"color:#33bca3\"><strong>AVEC LE YOGA<\/strong><\/p>\n\n\n\n<ul class=\"wp-block-list\">\n<li>le retour d&rsquo;un sommeil r\u00e9cup\u00e9rateur et r\u00e9parateur profond<\/li>\n\n\n\n<li>un corps ferme et tonique<\/li>\n\n\n\n<li>plus de calme et de s\u00e9r\u00e9nit\u00e9, gestion du stress<\/li>\n\n\n\n<li>un dos soulag\u00e9, une posture redress\u00e9e et souple<\/li>\n\n\n\n<li>une immunit\u00e9 boost\u00e9e<\/li>\n<\/ul>\n\n\n<div class=\"wp-block-image\">\n<figure class=\"aligncenter size-full is-resized\"><img loading=\"lazy\" decoding=\"async\" width=\"250\" height=\"250\" src=\"http:\/\/singuli-air.be\/wp-content\/uploads\/2024\/06\/LogoCercleBlancx250-1.png\" alt=\"\" class=\"wp-image-1765\" style=\"width:116px;height:auto\" srcset=\"https:\/\/singuli-air.be\/wp-content\/uploads\/2024\/06\/LogoCercleBlancx250-1.png 250w, https:\/\/singuli-air.be\/wp-content\/uploads\/2024\/06\/LogoCercleBlancx250-1-150x150.png 150w\" sizes=\"auto, (max-width: 250px) 100vw, 250px\" \/><\/figure><\/div>\n\n\n<p class=\"has-text-align-center\"><strong>Int\u00e9ress\u00e9.e?<\/strong><\/p>\n\n\n\n<div class=\"wp-block-buttons has-pale-ocean-gradient-background has-background is-content-justification-center is-layout-flex wp-container-core-buttons-is-layout-16018d1d wp-block-buttons-is-layout-flex\">\n<div class=\"wp-block-button is-style-outline is-style-outline--1\"><a class=\"wp-block-button__link has-text-align-center wp-element-button\" href=\"https:\/\/singuli-air.be\/index.php\/cours-collectifs\/\" target=\"_blank\" rel=\"noreferrer noopener\">cours collectifs de yoga<\/a><\/div>\n<\/div>\n\n\n\n<p class=\"has-text-align-center\">toutes les informations pratiques concernant les cours collectifs<\/p>\n\n\n\n<hr class=\"wp-block-separator has-alpha-channel-opacity is-style-dots\"\/>\n\n\n\n<p>Vous souhaitez profiter d&rsquo;une s\u00e9ance de yoga <strong>enti\u00e8rement personnalis\u00e9e<\/strong> \u00e0 vos besoins du moment? C&rsquo;est possible ! <br>Je vous guide pour une <strong>pratique sp\u00e9cifique<\/strong>.<\/p>\n\n\n\n<div class=\"wp-block-buttons has-pale-ocean-gradient-background has-background is-content-justification-center is-layout-flex wp-container-core-buttons-is-layout-16018d1d wp-block-buttons-is-layout-flex\">\n<div class=\"wp-block-button is-style-outline is-style-outline--2\"><a class=\"wp-block-button__link has-text-align-center wp-element-button\" href=\"https:\/\/singuli-air.be\/index.php\/cours-individuels\/\" target=\"_blank\" rel=\"noreferrer noopener\">cours individuels de yoga<\/a><\/div>\n<\/div>\n\n\n\n<p><\/p>\n\n\n\n<hr class=\"wp-block-separator has-alpha-channel-opacity is-style-dots\"\/>\n\n\n\n<p><br><\/p>\n\n\n\n<div class=\"wp-block-columns is-layout-flex wp-container-core-columns-is-layout-9d6595d7 wp-block-columns-is-layout-flex\">\n<div class=\"wp-block-column is-layout-flow wp-block-column-is-layout-flow\">\n<div class=\"wp-block-media-text has-media-on-the-right is-stacked-on-mobile\" style=\"grid-template-columns:auto 31%\"><div class=\"wp-block-media-text__content\">\n<p><em>\u00ab\u00a0Vivre sans tendresse (&#8230;) on ne le pourrait pas, non, non, non il n&rsquo;en est pas question (&#8230;) quel joli sentiment qui nous vient en naissant, vraiment, vraiment, vraiment\u00a0\u00bb<\/em> C&rsquo;est cette chanson de Bourvil qui m&rsquo;inspire quand je choisis le nom de mon activit\u00e9 d&rsquo;ind\u00e9pendante compl\u00e9mentaire.<\/p>\n\n\n\n<div class=\"wp-block-buttons has-pale-ocean-gradient-background has-background is-content-justification-center is-layout-flex wp-container-core-buttons-is-layout-16018d1d wp-block-buttons-is-layout-flex\">\n<div class=\"wp-block-button is-style-outline is-style-outline--3\"><a class=\"wp-block-button__link has-text-align-center wp-element-button\" href=\"https:\/\/singuli-air.be\/index.php\/qui-suis-je\/\" target=\"_blank\" rel=\"noreferrer noopener\">\u00e0 propos<\/a><\/div>\n<\/div>\n<\/div><figure class=\"wp-block-media-text__media\"><img loading=\"lazy\" decoding=\"async\" width=\"250\" height=\"250\" src=\"http:\/\/singuli-air.be\/wp-content\/uploads\/2024\/06\/LogoCercleBlancx250-1.png\" alt=\"\" class=\"wp-image-1765 size-full\" srcset=\"https:\/\/singuli-air.be\/wp-content\/uploads\/2024\/06\/LogoCercleBlancx250-1.png 250w, https:\/\/singuli-air.be\/wp-content\/uploads\/2024\/06\/LogoCercleBlancx250-1-150x150.png 150w\" sizes=\"auto, (max-width: 250px) 100vw, 250px\" \/><\/figure><\/div>\n\n\n\n<p><\/p>\n<\/div>\n<\/div>\n\n\n\n<p class=\"has-text-align-left\"><\/p>\n\n\n\n<hr class=\"wp-block-separator has-alpha-channel-opacity\"\/>\n\n\n\n<figure class=\"wp-block-gallery has-nested-images columns-default is-cropped wp-block-gallery-4 is-layout-flex wp-block-gallery-is-layout-flex\"><\/figure>\n","protected":false},"excerpt":{"rendered":"<p>Cours de yoga en pr\u00e9sentiel cours de yoga dans la r\u00e9gion de Leuze-en-Hainaut, Ath, Bel\u0153il, Chi\u00e8vres, Frasnes Accessibles aux adultes Il n&rsquo;est pas n\u00e9cessaire d&rsquo;avoir d\u00e9j\u00e0 pratiqu\u00e9 le yoga Et si nous installions une s\u00e9ance hebdomadaire ? Un moment de douce reconnexion avec soi-m\u00eame en respectant notre rythme.Un moment de d\u00e9tente et de s\u00e9r\u00e9nit\u00e9.Pour un [&hellip;]<\/p>\n","protected":false},"author":1,"featured_media":0,"parent":0,"menu_order":0,"comment_status":"closed","ping_status":"closed","template":"","meta":{"footnotes":""},"class_list":["post-1151","page","type-page","status-publish","hentry"],"_links":{"self":[{"href":"https:\/\/singuli-air.be\/index.php\/wp-json\/wp\/v2\/pages\/1151","targetHints":{"allow":["GET"]}}],"collection":[{"href":"https:\/\/singuli-air.be\/index.php\/wp-json\/wp\/v2\/pages"}],"about":[{"href":"https:\/\/singuli-air.be\/index.php\/wp-json\/wp\/v2\/types\/page"}],"author":[{"embeddable":true,"href":"https:\/\/singuli-air.be\/index.php\/wp-json\/wp\/v2\/users\/1"}],"replies":[{"embeddable":true,"href":"https:\/\/singuli-air.be\/index.php\/wp-json\/wp\/v2\/comments?post=1151"}],"version-history":[{"count":121,"href":"https:\/\/singuli-air.be\/index.php\/wp-json\/wp\/v2\/pages\/1151\/revisions"}],"predecessor-version":[{"id":2659,"href":"https:\/\/singuli-air.be\/index.php\/wp-json\/wp\/v2\/pages\/1151\/revisions\/2659"}],"wp:attachment":[{"href":"https:\/\/singuli-air.be\/index.php\/wp-json\/wp\/v2\/media?parent=1151"}],"curies":[{"name":"wp","href":"https:\/\/api.w.org\/{rel}","templated":true}]}}

<figure class="wp-block-image size-large"><img loading="lazy" decoding="async" width="782" height="655" src="https://singuli-air.be/wp-content/uploads/2026/04/pub-fbprintemps-2026.png" alt="" class="wp-image-2656" srcset="https://singuli-air.be/wp-content/uploads/2026/04/pub-fbprintemps-2026.png 782w, https://singuli-air.be/wp-content/uploads/2026/04/pub-fbprintemps-2026-300x251.png 300w, https://singuli-air.be/wp-content/uploads/2026/04/pub-fbprintemps-2026-768x643.png 768w, https://singuli-air.be/wp-content/uploads/2026/04/pub-fbprintemps-2026-24x20.png 24w, https://singuli-air.be/wp-content/uploads/2026/04/pub-fbprintemps-2026-36x30.png 36w, https://singuli-air.be/wp-content/uploads/2026/04/pub-fbprintemps-2026-48x40.png 48w" sizes="auto, (max-width: 782px) 100vw, 782px" /></figure>



<p class="has-text-align-center has-text-color has-link-color has-medium-font-size wp-elements-e7c43d316e25ba1457b53024cd0b0577" style="color:#27c59b"><strong>Cours de yoga en présentiel</strong></p>



<p class="has-text-align-center">cours de yoga dans la région de Leuze-en-Hainaut, Ath, Belœil, Chièvres, Frasnes</p>



<p class="has-text-align-center">Accessibles aux adultes</p>



<p class="has-text-align-center">Il n&rsquo;est pas nécessaire d&rsquo;avoir déjà pratiqué le yoga</p>



<p class="has-text-color has-link-color wp-elements-9b0a3ec0f166a989f7e0a6d18184d9cf" style="color:#29bd9d"><strong>Et si nous installions une séance hebdomadaire ?</strong></p>



<p>Un moment de douce reconnexion avec soi-même en respectant notre rythme.<br>Un moment de détente et de sérénité.<br>Pour un corps en forme, un esprit en paix et un souffle pleinement conscient.<br></p>



<div class="wp-block-media-text has-media-on-the-right is-stacked-on-mobile" style="grid-template-columns:auto 46%"><div class="wp-block-media-text__content">
<p>Je suis Fabienne, je guide chaque pratique pour cheminer intérieurement vers un retour progressif à sa véritable Nature. Dans mes cours, nous nous reconnectons au bien-être grâce à des postures simples et puissantes combinées à un travail respiratoire.</p>
</div><figure class="wp-block-media-text__media"><img loading="lazy" decoding="async" width="1024" height="685" src="http://singuli-air.be/wp-content/uploads/2026/04/2026-avril--1024x685.jpg" alt="" class="wp-image-2657 size-full" srcset="https://singuli-air.be/wp-content/uploads/2026/04/2026-avril--1024x685.jpg 1024w, https://singuli-air.be/wp-content/uploads/2026/04/2026-avril--300x201.jpg 300w, https://singuli-air.be/wp-content/uploads/2026/04/2026-avril--768x514.jpg 768w, https://singuli-air.be/wp-content/uploads/2026/04/2026-avril--330x220.jpg 330w, https://singuli-air.be/wp-content/uploads/2026/04/2026-avril--24x16.jpg 24w, https://singuli-air.be/wp-content/uploads/2026/04/2026-avril--36x24.jpg 36w, https://singuli-air.be/wp-content/uploads/2026/04/2026-avril--48x32.jpg 48w, https://singuli-air.be/wp-content/uploads/2026/04/2026-avril-.jpg 1152w" sizes="auto, (max-width: 1024px) 100vw, 1024px" /></figure></div>



<p class="has-text-color has-link-color wp-elements-8094d6153ce7c8276efceeaa3e6080ef" style="color:#33bca3"><strong>AVEC LE YOGA</strong></p>



<ul class="wp-block-list">
<li>le retour d&rsquo;un sommeil récupérateur et réparateur profond</li>



<li>un corps ferme et tonique</li>



<li>plus de calme et de sérénité, gestion du stress</li>



<li>un dos soulagé, une posture redressée et souple</li>



<li>une immunité boostée</li>
</ul>


<div class="wp-block-image">
<figure class="aligncenter size-full is-resized"><img loading="lazy" decoding="async" width="250" height="250" src="http://singuli-air.be/wp-content/uploads/2024/06/LogoCercleBlancx250-1.png" alt="" class="wp-image-1765" style="width:116px;height:auto" srcset="https://singuli-air.be/wp-content/uploads/2024/06/LogoCercleBlancx250-1.png 250w, https://singuli-air.be/wp-content/uploads/2024/06/LogoCercleBlancx250-1-150x150.png 150w" sizes="auto, (max-width: 250px) 100vw, 250px" /></figure></div>


<p class="has-text-align-center"><strong>Intéressé.e?</strong></p>



<div class="wp-block-buttons has-pale-ocean-gradient-background has-background is-content-justification-center is-layout-flex wp-container-core-buttons-is-layout-16018d1d wp-block-buttons-is-layout-flex">
<div class="wp-block-button is-style-outline is-style-outline--1"><a class="wp-block-button__link has-text-align-center wp-element-button" href="https://singuli-air.be/index.php/cours-collectifs/" target="_blank" rel="noreferrer noopener">cours collectifs de yoga</a></div>
</div>



<p class="has-text-align-center">toutes les informations pratiques concernant les cours collectifs</p>



<hr class="wp-block-separator has-alpha-channel-opacity is-style-dots"/>



<p>Vous souhaitez profiter d&rsquo;une séance de yoga <strong>entièrement personnalisée</strong> à vos besoins du moment? C&rsquo;est possible ! <br>Je vous guide pour une <strong>pratique spécifique</strong>.</p>



<div class="wp-block-buttons has-pale-ocean-gradient-background has-background is-content-justification-center is-layout-flex wp-container-core-buttons-is-layout-16018d1d wp-block-buttons-is-layout-flex">
<div class="wp-block-button is-style-outline is-style-outline--2"><a class="wp-block-button__link has-text-align-center wp-element-button" href="https://singuli-air.be/index.php/cours-individuels/" target="_blank" rel="noreferrer noopener">cours individuels de yoga</a></div>
</div>



<p></p>



<hr class="wp-block-separator has-alpha-channel-opacity is-style-dots"/>



<p><br></p>



<div class="wp-block-columns is-layout-flex wp-container-core-columns-is-layout-9d6595d7 wp-block-columns-is-layout-flex">
<div class="wp-block-column is-layout-flow wp-block-column-is-layout-flow">
<div class="wp-block-media-text has-media-on-the-right is-stacked-on-mobile" style="grid-template-columns:auto 31%"><div class="wp-block-media-text__content">
<p><em>« Vivre sans tendresse (&#8230;) on ne le pourrait pas, non, non, non il n&rsquo;en est pas question (&#8230;) quel joli sentiment qui nous vient en naissant, vraiment, vraiment, vraiment »</em> C&rsquo;est cette chanson de Bourvil qui m&rsquo;inspire quand je choisis le nom de mon activité d&rsquo;indépendante complémentaire.</p>



<div class="wp-block-buttons has-pale-ocean-gradient-background has-background is-content-justification-center is-layout-flex wp-container-core-buttons-is-layout-16018d1d wp-block-buttons-is-layout-flex">
<div class="wp-block-button is-style-outline is-style-outline--3"><a class="wp-block-button__link has-text-align-center wp-element-button" href="https://singuli-air.be/index.php/qui-suis-je/" target="_blank" rel="noreferrer noopener">à propos</a></div>
</div>
</div><figure class="wp-block-media-text__media"><img loading="lazy" decoding="async" width="250" height="250" src="http://singuli-air.be/wp-content/uploads/2024/06/LogoCercleBlancx250-1.png" alt="" class="wp-image-1765 size-full" srcset="https://singuli-air.be/wp-content/uploads/2024/06/LogoCercleBlancx250-1.png 250w, https://singuli-air.be/wp-content/uploads/2024/06/LogoCercleBlancx250-1-150x150.png 150w" sizes="auto, (max-width: 250px) 100vw, 250px" /></figure></div>



<p></p>
</div>
</div>



<p class="has-text-align-left"></p>



<hr class="wp-block-separator has-alpha-channel-opacity"/>



<figure class="wp-block-gallery has-nested-images columns-default is-cropped wp-block-gallery-4 is-layout-flex wp-block-gallery-is-layout-flex"></figure>

<p>Cours de yoga en présentiel cours de yoga dans la région de Leuze-en-Hainaut, Ath, Belœil, Chièvres, Frasnes Accessibles aux adultes Il n&rsquo;est pas nécessaire d&rsquo;avoir déjà pratiqué le yoga Et si nous installions une séance hebdomadaire ? Un moment de douce reconnexion avec soi-même en respectant notre rythme.Un moment de détente et de sérénité.Pour un [&hellip;]</p>
